2?
True
Is 1305 a multiple of 5?
True
Does 6 divide 560?
False
Is 1200 even?
True
Is 5 a factor of 1480?
True
Does 38 divide 1938?
True
Does 19 divide 45220?
True
Is 149 a factor of 54832?
True
Does 143 divide 5282?
False
Does 12 divide 1092?
True
Is 3960 a multiple of 30?
True
Does 40 divide 480?
True
Is 2133 a multiple of 27?
True
Is 4 a factor of 957?
False
Does 17 divide 4769?
False
Is 6042 a multiple of 114?
True
Does 21 divide 5140?
False
Is 56 a factor of 2072?
True
Is 14826 a multiple of 17?
False
Is 17097 a multiple of 123?
True
Is 64 a factor of 1978?
False
Is 15 a factor of 9645?
True
Does 15 divide 2337?
False
Does 8 divide 837?
False
Is 14 a factor of 12936?
True
Is 11 a factor of 6622?
True
Is 2144 a multiple of 268?
True
Does 61 divide 1708?
True
Is 15 a factor of 1890?
True
Is 1248 a multiple of 16?
True
Is 1920 a multiple of 96?
True
Is 352 a factor of 128298?
False
Is 325 a multiple of 17?
False
Is 1932 a multiple of 21?
True
Is 253 a multiple of 11?
True
Is 1871 a multiple of 85?
False
Is 14058 a multiple of 11?
True
Is 37 a factor of 649?
False
Does 9 divide 477?
True
Is 95 a factor of 14492?
False
Is 41 a factor of 1435?
True
Is 66 a factor of 1201?
False
Is 30324 a multiple of 42?
True
Does 65 divide 2870?
False
Does 11 divide 637?
False
Does 18 divide 1882?
False
Is 55 a factor of 14909?
False
Is 4 a factor of 183?
False
Is 2755 a multiple of 19?
True
Is 67 a factor of 37989?
True
Does 3 divide 334?
False
Is 130 a multiple of 13?
True
Is 1071 a multiple of 9?
True
Is 24 a factor of 4608?
True
Is 188 a multiple of 6?
False
Is 9 a factor of 14121?
True
Is 14 a factor of 546?
True
Does 71 divide 3408?
True
Is 5481 a multiple of 29?
True
Does 9 divide 4374?
True
Is 30 a factor of 184590?
True
Is 1200 a multiple of 120?
True
Does 63 divide 8757?
True
Is 38 a factor of 5213?
False
Is 1089 a multiple of 19?
False
Is 200 a factor of 41420?
False
Is 108 a factor of 2268?
True
Does 185 divide 57350?
True
Is 15 a factor of 1535?
False
Does 49 divide 18380?
False
Is 19 a factor of 17835?
False
Is 12 a factor of 7980?
True
Is 31 a factor of 816?
False
Is 6420 a multiple of 20?
True
Is 264 a multiple of 11?
True
Does 23 divide 49588?
True
Does 116 divide 51156?
True
Does 76 divide 3514?
False
Is 26 a factor of 3790?
False
Is 21 a factor of 7174?
False
Does 13 divide 2626?
True
Is 19296 a multiple of 6?
True
Does 15 divide 1695?
True
Is 49 a factor of 1533?
False
Does 4 divide 92?
True
Is 11 a factor of 11?
True
Is 34 a factor of 418?
False
Does 60 divide 45180?
True
Is 97 a factor of 582?
True
Does 73 divide 8395?
True
Is 30 a factor of 30?
True
Is 8 a factor of 824?
True
Does 57 divide 18297?
True
Is 17 a factor of 25551?
True
Is 38 a factor of 59014?
True
Is 13 a factor of 1810?
False
Does 5 divide 295?
True
Does 361 divide 80194?
False
Is 10 a factor of 2690?
True
Is 17820 a multiple of 92?
False
Does 27 divide 135?
True
Does 31 divide 1802?
False
Is 59410 a multiple of 65?
True
Does 13 divide 9516?
True
Is 2195 a multiple of 5?
True
Does 25 divide 8725?
True
Is 522 a multiple of 19?
False
Does 17 divide 2329?
True
Is 20 even?
True
Does 124 divide 8804?
True
Does 37 divide 5476?
True
Is 14 a factor of 745?
False
Does 18 divide 788?
False
Does 67 divide 7236?
True
Does 15 divide 2085?
True
Does 14 divide 30153?
False
Does 16 divide 979?
False
Is 105 a factor of 8000?
False
Is 27734 a multiple of 14?
True
Is 85 a factor of 18445?
True
Does 19 divide 10390?
False
Is 9339 a multiple of 11?
True
Is 12 a factor of 431?
False
Is 37969 a multiple of 16?
False
Does 283 divide 53770?
True
Does 324 divide 16949?
False
Is 296 a multiple of 8?
True
Is 3872 a multiple of 44?
True
Is 2547 a multiple of 13?
False
Is 6215 a multiple of 5?
True
Is 7825 a multiple of 49?
False
Is 10250 a multiple of 41?
True
Is 29 a factor of 747?
False
Does 46 divide 9227?
False
Is 9 a factor of 171?
True
Is 16644 a multiple of 25?
False
Is 690 a multiple of 5?
True
Is 37 a multiple of 14?
False
Is 103 a factor of 3102?
False
Is 54 a factor of 2538?
True
Is 3 a factor of 78?
True
Is 1508 a multiple of 13?
True
Does 30 divide 870?
True
Does 133 divide 7182?
True
Is 263 a multiple of 14?
False
Is 43 a factor of 9804?
True
Is 18062 a multiple of 31?
False
Does 178 divide 9968?
True
Does 71 divide 44375?
True
Does 2 divide 55?
False
Does 173 divide 2941?
True
Is 14 a factor of 677?
False
Is 105 a multiple of 21?
True
Is 3 a factor of 229?
False
Is 34161 a multiple of 13?
False
Is 1356 a multiple of 23?
False
Does 131 divide 29645?
False
Does 7 divide 2670?
False
Is 16 a multiple of 2?
True
Is 10 a factor of 13279?
False
Does 89 divide 3026?
True
Does 56 divide 1437?
False
Is 24179 a multiple of 317?
False
Does 64 divide 7168?
True
Is 2201 a multiple of 61?
False
Is 54 a multiple of 6?
True
Is 21 a factor of 8416?
False
Is 16 a factor of 3172?
False
Is 22572 a multiple of 131?
False
Does 3 divide 2210?
False
Is 3358 a multiple of 61?
False
Is 4 a factor of 2828?
True
Does 77 divide 1540?
True
Is 160 a factor of 4585?
False
Is 13476 a multiple of 11?
False
Does 8 divide 12446?
False
Is 67 a multiple of 2?
False
Is 859 a multiple of 10?
False
Does 11 divide 187?
True
Does 5 divide 243?
False
Is 3275 a multiple of 6?
False
Does 11 divide 17206?
False
Is 15 a factor of 195?
True
Is 495 a multiple of 6?
False
Is 6 a factor of 907?
False
Does 75 divide 7781?
False
Is 44303 a multiple of 9?
False
Is 318 a multiple of 6?
True
Is 26 a factor of 159?
False
Is 1431 a multiple of 53?
True
Is 75 a factor of 550?
False
Does 95 divide 1330?
True
Does 16 divide 13005?
False
Does 33 divide 11187?
True
Is 45 a factor of 6700?
False
Does 25 divide 325?
True
Is 43 a factor of 130810?
False
Is 2078 a multiple of 92?
False
Is 4549 a multiple of 5?
False
Is 8120 a multiple of 56?
True
Is 1122 a multiple of 66?
True
Is 19 a factor of 703?
True
Is 8 a factor of 3496?
True
Does 53 divide 3204?
False
Does 12 divide 634?
False
Is 1060 a multiple of 38?
False
Does 10 divide 510?
True
Is 5 a factor of 510?
True
Does 8 divide 6416?
True
Does 57 divide 123?
False
Does 13 divide 27755?
True
Does 7 divide 6314?
True
Is 18 a factor of 1339?
False
Does 7 divide 232?
False
Is 42 a factor of 1678?
False
Is 36786 a multiple of 31?
False
Is 133 a factor of 8597?
False
Is 4 a factor of 2340?
True
Is 420 a multiple of 11?
False
Is 561 a multiple of 11?
True
Is 573 a multiple of 14?
False
Is 61 a factor of 9150?
True
Is 23 a factor of 408?
False
Is 81 a factor of 4107?
False
Is 8 a factor of 2589?
False
Is 17 a factor of 23629?
False
Is 310 a multiple of 8?
False
Does 30 divide 1650?
True
Does 51 divide 3907?
False
Is 161 a factor of 11265?
False
Is 20 a factor of 7800?
True
Does 29 divide 2601?
False
Is 28 a factor of 1260?
True
Is 5462 a multiple of 15?
False
Is 758 a multiple of 81?
False
Does 77 divide 63602?
True
Does 13 divide 169?
True
Is 21123 a multiple of 4?
False
Does 4 divide 20116?
True
Is 3621 a multiple of 51?
True
Does 4 divide 16?
True
Is 1131 a multiple of 13?
True
Is 35 a factor of 1015?
True
Is 41 a factor of 30381?
True
Does 55 divide 1386?
False
Is 6478 a multiple of 31?
False
Does 56 divide 2052?
False
Is 24 a factor of 39607?
False
Does 27 divide 1064?
False
Is 21666 a multiple of 204?
False
Is 31 a factor of 53971?
True
Is 2 a factor of 1409?
False
Does 14 divide 4051?
False
Is 27 a factor of 73943?
False
Does 12 divide 205?
False
Is 11 a factor of 2387?
True
Does 31 divide 930?
True
Is 4401 a multiple of 40?
False
Is 79 a factor of 14378?
True
Is 2124 a multiple of 9?
True
Does 55 divide 8118?
False
Is 2682 a multiple of 16?
False
Is 749 a multiple of 3?
False
Is 6800 a multiple of 40?
True
Is 180 a multiple of 33?
False
Does 19 divide 969?
True
Is 99 a factor of 18899?
False
Does 10 divide 440?
True
Is 5588 a multiple of 29?
False
Is 286 a multiple of 30?
False
Does 9 divide 14878?
False
Is 2774 a multiple of 19?
True
Is 5520 a multiple of 6?
True
Does 84 divide 9240?
True
Does 24 divide 9648?
True
Does 63 divide 138?
False
Is 35 a factor of 68454?
False
Does 27 divide 2720?
False
Is 1114 a multiple of 7?
False
Does 47 divide 124?
False
Does 50 divide 16796?
False
Does 5 divide 1436?
False
Is 1140 a multiple of 20?
True
Does 52 divide 1142?
False
Is 13 a factor of 602?
False
Is 186